. Calculate the highest common divisor of q and h.
31
Suppose 25 = -11*h + 16*h. Suppose -206 = -5*x - 2*c, h*c - 223 = -4*x - 65. Calculate the greatest common factor of 12 and x.
6
Let c(r) = 2*r**3 + r**2 - 22*r + 18. Let y be c(3). Suppose -5*z + 587 = -0*d + 3*d, -4*z + 480 = 5*d. Calculate the highest common factor of z and y.
5
Let a be (-4 + (-14916)/16*-2)*(4 - 2). Calculate the highest common divisor of 61 and a.
61
Let t = -7 - -6. Let w be t/(-3)*(-5 - -38). Let l(p) = -p**2 + 20*p - 15. Let d be l(w). What is the greatest common factor of 21 and d?
21
Suppose -942 = -3*k + 3*q, -36 + 978 = 3*k - q. Calculate the highest common factor of 2 and k.
2
Let k(v) = v - 2. Let x be k(-7). Suppose -g - 3*a = 4*g - 115, -5*g - 4*a = -120. Let i = x + g. Calculate the greatest common factor of 44 and i.
11
Let t = -19 + 35. Let v(f) = -18 - 38 - 4*f + t. Let j be v(-22). Calculate the greatest common divisor of j and 6.
6
Let v = 12 - 7. Suppose -v*m + 2 + 58 = 0. Let z be (-12)/(-2)*(14 - 10). What is the highest common factor of m and z?
12
Let a be 5/6 + 806/156. Let f be (((-2244)/9)/(-2))/(4/a). Calculate the greatest common divisor of 11 and f.
11
Suppose 137*h + 73*h - 57*h = 7956. Calculate the highest common divisor of 236 and h.
4
Let c = 346 + -270. What is the highest common factor of 1292 and c?
76
Suppose d + d = 78. Suppose 7*h - 42 = -308. Let a = h + d. What is the greatest common divisor of 3 and a?
1
Suppose 0 = i + b - 49, 4*i - 346 + 148 = -2*b. Let u = 5 + -3. Let g be i/u - (-6)/3. Calculate the highest common divisor of 135 and g.
27
Suppose -l + 284 + 28 = 0. Let s be 57*(-21 + 10)*1/(-3). Let t be -2 + s/5 - 12/15. Calculate the highest common factor of l and t.
39
Let l(t) = -t**2 - 8*t + 3. Let c be l(-7). Let p(r) = 33*r**3 - 16*r**2 - 16*r + 11. Let u be p(3). What is the highest common divisor of u and c?
10
Let a = 34 - 10. Suppose -a*w = -23*w - 225. What is the highest common divisor of w and 25?
25
Suppose -3*a - 2020 = -2371. Calculate the greatest common divisor of a and 403.
13
Suppose -l - 52 = -5*l. Suppose 0 = -3*v - h + 778, -3*h + 912 + 132 = 4*v. Suppose -v = -7*y + 197. Calculate the highest common factor of y and l.
13
Let i(n) = -3*n**2 + 95*n + 209. Let o be i(16). Calculate the greatest common factor of o and 62.
31
Let f(s) = -s**3 - 5*s**2 + 6*s - 14. Let x be f(-7). Let l be x/(-4)*8/(-3). What is the greatest common factor of l and 49?
7
Suppose 3*u - t = 11 - 0, -4*u + 4 = 4*t. Suppose 2*i - 2*r - u*r = 49, 2*i + 3*r = 89. Calculate the greatest common divisor of 296 and i.
37
Let y = -8927 + 9018. What is the greatest common divisor of 52 and y?
13
Let z be 506/(-7) - (-4)/14. Let k(g) = 62*g**3 - 2. Let i be k(-1). Let h = i - z. Calculate the greatest common factor of h and 16.
8
Let x(w) = -2*w**2 + 69*w - 139. Let d be x(32). Let m be (18 - d)/(2/(-6)). Let b be (-1 - 0)*-3*39. What is the greatest common factor of m and b?
9
Let r(g) = 3*g**2 - 8*g + 56. Let b be r(5). Suppose -2*c = 3*s - 2*s - 43, 3*c - 201 = -5*s. What is the greatest common divisor of b and s?
13
Suppose 17*n - 15552 = 10611. Calculate the greatest common divisor of 81 and n.
81
Suppose 0 = -33*r + 55*r - 396. Let f = 50 - 32. Let c = -9 + f. Calculate the greatest common divisor of r and c.
9
Suppose 3*i - 2*n = 6283, 3*i + 21*n = 22*n + 6287. Calculate the highest common factor of 18 and i.
9
Suppose 8*k - 76 = 6*k. Suppose 4*h - 13 = -r, -r + 18 = 5*h + 2*r. Suppose -380 = -h*t - t. What is the greatest common factor of k and t?
19
Suppose 3*g - 11 = 14*g. Let y be ((-19 - -5) + 3)/g. What is the highest common factor of 55 and y?
11
Suppose k + 928 = 9*k. Suppose 4*n + k = 33*n. Let d be 0 + 0/1 + 2. What is the highest common divisor of d and n?
2
Let r(a) = 63*a - 3660. Let v be r(60). Calculate the highest common factor of 5880 and v.
120
Let f(o) be the first derivative of o**3 + 9*o**2/2 - 4*o - 102. Suppose 4*z = -0*z + 20. Let y be f(z). What is the highest common factor of y and 29?
29
Let w(m) be the third derivative of -m**5/60 - 3*m**4/8 - 2*m**3/3 + 5*m**2 + 14*m. Let z be w(-4). Calculate the highest common divisor of z and 1.
1
Suppose 4*m = 2*j + 38, m + 36*j - 6 = 40*j. What is the greatest common factor of m and 50?
10
Let s = -4581 + 4805. What is the greatest common factor of 116 and s?
4
Suppose -273 = -5*x + 2*x. Suppose -8*u - 5*z + x = -6*u, 3*z = -5*u + 237. Calculate the greatest common divisor of u and 12.
12
Suppose 5*l - 846 = -2*g, -5*g + 283 - 1108 = -5*l. What is the greatest common divisor of l and 40?
8
Let i be 244/(0 - -4)*1. Let l = i + -29. Let u = -708 - -724. What is the greatest common factor of l and u?
16
Let z(q) = -q**3 + 6*q**2 + 5*q + 46. Let j be z(5). Calculate the highest common divisor of 1356 and j.
12
Let p = 16 + -2. Let d be (100/6)/((-4)/(-12)). Suppose 16 - d = -17*c. What is the greatest common divisor of p and c?
2
Let n be (-320)/30*(-54)/144. Suppose j - 60 = -2*y, 4*j + y = 169 + 85. What is the highest common divisor of n and j?
4
Let g be (-88412)/(-1054) - 4/(-34). Calculate the greatest common divisor of g and 10542.
42
Let d = 2891 - 1419. What is the greatest common divisor of d and 138?
46
Let n be 7/4 - 2/(-8). Let o(t) = -2*t**2 - 39*t + 182. Let d be o(-20). Suppose f + n*f - d = 0. What is the highest common factor of 6 and f?
6
Suppose 3*q = -3*o - 478 + 7366, 3*q = 5*o - 11464. What is the highest common factor of o and 62?
62
Let l = 1769 - 2978. Let z = -864 - l. Calculate the highest common factor of z and 15.
15
Suppose -3*v = -3*z + 12, 5*v - 11 + 3 = -2*z. Suppose v*p - 2*p = 0. Suppose p = 8*k - 6*k - 110. Calculate the greatest common factor of 11 and k.
11
Suppose 3*v = 4*t + 4488, 93*t = v + 96*t - 1496. What is the greatest common divisor of 51 and v?
17
Suppose 4*v - 16 = 2*w, w + 0 = 4. Suppose -555*q + 4920 = -547*q. Let p = q + -561. What is the highest common factor of v and p?
6
Let s be 286/(-11) + (0 - 1). Let m = 43 - 46. Let o = m - s. What is the greatest common divisor of o and 6?
6
Let r(f) be the second derivative of -f**3/6 + 11*f**2/2 + 2*f. Let h be r(8). Let y be 1036/(-111)*36/(-16). What is the greatest common divisor of y and h?
3
Let h(d) be the second derivative of d**3/3 + 19*d**2 - 27*d. Let g be h(-6). What is the highest common factor of g and 182?
26
Let q be ((-26880)/1050)/(4/(-5)). What is the highest common factor of q and 2512?
16
Let u = 54 + -14. Let k(j) = -8 - 15*j**2 + 16*j**2 + 9*j - 18. Let v be k(-12). Calculate the highest common factor of v and u.
10
Let n = 38 + -34. Suppose p + 15 + 19 = n*h, 0 = -4*p - 3*h - 41. Let o = 35 + p. What is the highest common divisor of 3 and o?
3
Let x(t) = -t**3 + 10*t**2 - 16*t + 1. Let q be x(7). Suppose -2340 = 23*m - q*m. What is the greatest common factor of 45 and m?
45
Suppose 5*z - 3*p - 218 = 214, -4*p + 404 = 5*z. Suppose -107*k = -113*k + z. What is the greatest common divisor of 532 and k?
14
Let s(c) = -483*c - 2847. Let f be s(-6). Let z be (-2)/(-9) - (-14)/18. Let w = f + z. What is the greatest common factor of w and 39?
13
Suppose 0 = -5*o + z + 361, 2 = -2*z - 0. Let r be ((-19)/(-4))/((-3)/o*-1). What is the greatest common divisor of 38 and r?
38
Suppose 0 = -x - 5*b + 482, 0 = -10*x + 5*x - 3*b + 2432. Let t = -298 + x. What is the highest common divisor of t and 7?
7
Suppose 0 = -2*y - 14, -p - 96*y + 94*y = -8. Let r be 0 - 1 - (-178 - -1). What is the highest common divisor of r and p?
22
Suppose -f - 90 = -6*f. Let i be 78/(-26) - (-24 - -1). Let o be (756/i)/((-15)/(-50)). What is the greatest common factor of f and o?
18
Let z(a) = -a**3 + 13*a**2 + 297*a - 2308. Let n be z(8). Calculate the highest common divisor of n and 970.
194
Let s(b) = -657*b + 5292. Let o be s(8). Suppose 5*q = -h + 21, 0 = 3*h - 0*h + q - 105. Calculate the highest common divisor of o and h.
36
Let w be (2 + -19 + 18)/(2 - (-774)/(-388)). Calculate the greatest common divisor of 6014 and w.
194
Let h = -4375 - -5085. What is the greatest common factor of h and 90?
10
Suppose 341 = 5*i - 3*k, 5*i + 356*k - 357*k = 327. What is the greatest common factor of i and 3392?
64
Let w(z) = 7*z**2 + 10*z + 9. Let r = 679 + -675. Let n be w(r). Calcula